s the units digit of o(82)?
2
Let z(n) = -5 - 5 - 126*n + 1 + 34*n. Let m be z(-3). What is the units digit of 3/(m/(-276) + 1)?
2
Suppose 6*n - 38 = 1048. Suppose z - j = n, z + 5*j + 65 = 240. Suppose -63*w - z = -69*w. What is the tens digit of w?
3
Let s(o) = -o**2 - 4*o + 2. Let z be s(-3). Let v(w) = 229*w - 1. What is the tens digit of v(z)?
4
Let g(i) = 1571*i**2 + 2*i + 1. Let j be g(-1). Suppose m + 2*k = 300, 5*m + 3*k - 7*k - j = 0. What is the hundreds digit of m?
3
Suppose -8*k = 29156 - 180852. What is the tens digit of k?
6
Suppose 0 = 42*w - 37*w - 20. Suppose 4*x - w*j - 2044 = 0, 162 = 2*x + 5*j - 867. What is the tens digit of x?
1
Let v = -313 + 479. Suppose 736 = 4*g - 4*b, 2*g = g - 5*b + v. What is the hundreds digit of g?
1
Let k(i) = 60*i**3 - i**2 - 150*i + 851. What is the units digit of k(6)?
5
Let n = 14351 - 2575. What is the thousands digit of n?
1
Let j(n) = 48*n**3 + 8*n**2 + 6*n - 11. Let a be j(8). Suppose 61*z - a = 36*z. What is the units digit of z?
5
What is the hundreds digit of ((-7551)/(-3))/((-57)/(-19))?
8
What is the units digit of 3/((-9)/(-15559)) + (-10)/(-6)?
8
What is the thousands digit of 5132*(-12)/(-672)*14?
1
Let f = -130 - -133. Let c(r) = -8*r**2. Let o be c(f). Let y = 238 + o. What is the tens digit of y?
6
Let m(a) = 4*a**2 + 36*a + 27. Let g be m(-17). Let p = 1788 - g. What is the hundreds digit of p?
2
Let k = -71 + 206. Let b(t) = 840*t + 5882. Let g be b(-7). Suppose g*p - k = 97. What is the hundreds digit of p?
1
Let c(v) = 610*v - 1423. What is the tens digit of c(9)?
6
Let f(n) be the third derivative of 2*n**4/3 + 47*n**3/2 + 30*n**2 - n. What is the tens digit of f(16)?
9
Let w(s) be the second derivative of 11*s**4/6 - 19*s**3/3 - 138*s. What is the tens digit of w(9)?
4
Let n(v) = -2*v**3 + 65*v**2 + 91*v - 90. What is the thousands digit of n(32)?
3
Suppose 0 = 8*s - 258 - 462. Suppose 0 = -2*z - p - 4*p + s, -5*z = 3*p - 263. Suppose 2*v - z = 5*y, -2*y = -2*v + v + 25. What is the units digit of v?
5
Let v = 29262 - 7108. What is the units digit of v?
4
Let i(x) = 16 + 306*x + 332*x + 1818*x + 2. Let g be i(-3). What is the hundreds digit of ((-39)/12 - -3) + g/(-24)?
3
Let j(p) = p**3 - 20*p**2 - 22*p + 43. Let t be j(21). Suppose -t*s + 50 = -17*s. Let d = s + 101. What is the hundreds digit of d?
1
Let u = -5463 - -12145. What is the thousands digit of u?
6
Let d be (0 - 1)/((-7)/(-91)). Let j = -9 - d. Suppose 0 = -j*p + 2*u + 598, -3*u + 151 = p - 4*u. What is the hundreds digit of p?
1
Let n be 5/(50/13588) - 9/(-45). Let i be -3 - (n/(-3) - -4). Suppose 4*k - 2*z - 916 = 0, 2*k + 3*z - i = -2*z. What is the hundreds digit of k?
2
Let s = 34294 - 9781. What is the hundreds digit of s?
5
Suppose 648907 = -21*g + 18*g + 52*g. What is the units digit of g?
3
Let z(t) = 2*t**3 + 109*t**2 + 72*t - 39. What is the tens digit of z(-31)?
9
Suppose -95 = 6*a - a. Let f be a/(-5) - (-6)/30. Suppose -4*g - 134 = -5*q, -q = -3*q - f*g + 48. What is the units digit of q?
6
Let x be (-34)/(-12) + 2/12. Suppose x*y = 4*b + 206, 2*y - 93 = 5*b + 42. Suppose 0 = 4*u + 2*a - y, 2*u + 0*a = a + 45. What is the tens digit of u?
2
Let d be -2 + (-2 - -3) - -3. Suppose d*w = r - 16, -5*r + 5*w + 34 = -21. What is the tens digit of (-2)/(-8)*(r + -4)*158?
7
Let u(o) be the third derivative of o**5/120 + 5*o**4/12 - 7*o**3/6 + 4*o**2. Let c(k) be the first derivative of u(k). What is the units digit of c(-5)?
5
Let c = -22141 - -43463. Suppose 0 = 32*j - 18*j - c. What is the hundreds digit of j?
5
Suppose -1133 = -2*v - 1093. What is the units digit of (-1177)/22*v/(-2)?
5
What is the thousands digit of 2427600/260 - (-9)/117?
9
Suppose -5*v - 4*l + 35474 = -2*l, 6 = -2*l. What is the hundreds digit of v?
0
Suppose 0 = -4*v - v + 6970. Let t = 783 - -627. Suppose 5*c + t = -0*h + 5*h, 0 = -5*h - 3*c + v. What is the units digit of h?
0
Let n(y) = 8*y**2 - 2*y - 6. Suppose 6*o - 3*d + 18 = 9*o, -4*o = -2*d. Let l be n(o). Suppose l*r = 11*r + 583. What is the units digit of r?
3
Suppose -5*j + 2*y - 4*y = 1447, -562 = 2*j + 5*y. Let w be 6/(-2) + (2 - j). What is the tens digit of w/((-25)/(-5)) - -3?
6
What is the units digit of -163*(3/(-4) - 4)*(67 + 1)?
9
Let z be (-2)/3 - 70/(-15)*1. Suppose -45 = -z*v - v. What is the units digit of ((-2)/(16/138))/(v/(-72))?
8
Let d(p) = p**2 + p - 4. Let x(o) = 4*o**2 + 19*o + 1. Let r(i) = 3*d(i) + x(i). What is the tens digit of r(9)?
5
Let l = 87 + -87. Suppose 2*m + 9 - 681 = l. What is the units digit of m?
6
Suppose -x = 14 - 9, 4*x = 3*p - 15425. What is the hundreds digit of p?
1
Let s(m) = 30*m - 18*m - m**3 - 8*m**2 - 15 - 14*m. Suppose 5 = -c + 2*h, -7*c - 3*h - 42 = -3*c. What is the units digit of s(c)?
4
Suppose 16*b = -b + 11016. Let f = b - 460. What is the units digit of f?
8
Suppose 5*w - 4210 - 12898 = 3*s, -3*s = 3*w - 10260. What is the tens digit of w?
2
Let d(w) be the third derivative of 55*w**4/24 - 94*w**3/3 + 26*w**2 - 3*w. What is the hundreds digit of d(19)?
8
Suppose 66*l = 63*l + u + 19107, -l - 2*u + 6355 = 0. What is the units digit of l?
7
Suppose 57*b + 481 = 44*b. Let i(y) = y**3 + 36*y**2 - 40*y + 95. What is the tens digit of i(b)?
0
Suppose 4*i = -62 - 14. Let c = 242 + i. What is the hundreds digit of c?
2
Let n(z) = -608*z + 34. Let y be n(-9). What is the tens digit of (-22)/(-132) + y/12?
5
Let b = 2777 - -23564. What is the ten thousands digit of b?
2
Suppose -65*i = -58*i + 28. What is the hundreds digit of 225 - (i/7 + (-648)/189)?
2
Let m = 5534 + 803. What is the thousands digit of m?
6
Let k be (-22)/(-99) - (-1)/(9/43). Suppose 0 = r + 2*n - k*n - 372, 0 = r + 5*n - 380. Suppose -4*u = -9*u + r. What is the units digit of u?
5
Let t be (1 + 14/(-3))*3. Let s be 17088/(-88) - 2/t. What is the tens digit of (-1)/3 + s/(-6)?
3
Suppose 5*h - 30 = 15*p - 20*p, -3*p = 9. Suppose h*j + 11*j = 11560. What is the hundreds digit of j?
5
What is the hundreds digit of (58810/14)/((-2915)/(-24486))?
2
Let p = 2421 + -1836. What is the tens digit of p?
8
Let h be ((-194586)/452)/(3/(-2)). Suppose -5*f = 3*t - 7*t + 530, 2*f - 4*t = -200. Let r = f + h. What is the tens digit of r?
7
Suppose 0*u + 4*u - 11*u + 163709 = 0. What is the thousands digit of u?
3
Let a(l) = 55*l + 1180. What is the units digit of a(21)?
5
Suppose 8*h = -7*h - 9525. Let f = -422 - h. Suppose 2*q + f = 5*q. What is the units digit of q?
1
Suppose 0 = -n + 4*c + 736, -n + c = 4*n - 3623. What is the tens digit of n?
2
Suppose 0 = -4*z - 5*t + 40, -z + 4 = -3*t - 6. Let n be ((-8)/z - 2)/((-24)/60). Suppose -n*a = -2*p - 6*a + 148, p = a + 74. What is the tens digit of p?
7
Let y(h) = -h**2 + 11*h - 16. Let l be y(9). Let j be (1 - 2)/(8/40). What is the hundreds digit of (l - 3 - j) + (-230)/(-2)?
1
Suppose 5*d - 1192 = m - 4*m, -d + 248 = 3*m. Let s = d - -839. What is the thousands digit of s?
1
Let v(a) be the first derivative of 3/2*a**2 + 3 + a. What is the tens digit of v(15)?
4
Let o(g) = g**2 + 2*g - 13. Let u be o(5). Suppose 2*n - u = 5*v, v + 3*n = 12 - 30. What is the units digit of 11/((-66)/(-668)) + 2/v?
1
Suppose 288*h - 284*h = 24, 3*b + 2*h - 165453 = 0. What is the units digit of b?
7
Let y be ((-22)/4)/((1/(-1))/286). Let m = 2220 - y. What is the units digit of m?
7
Suppose -4*o = 5*v - 565 + 65, 3*o + 2*v = 368. What is the hundreds digit of (1916/(-6))/(5*(-16)/o)?
4
Let p(q) = 13*q**2 - 4*q + 4955. What is the units digit of p(0)?
5
What is the hundreds digit of 1646/((6/(-9))/(28/(-12)))?
7
Let h = -18 + 43. What is the hundreds digit of h + -29 + 2/(4/722)?
3
What is the units digit of ((-29)/(-4))/(-9 + (-122050)/(-13560))?
1
Let m(l) = -47*l**3 + l**2 + 3*l + 19. What is the hundreds digit of m(-11)?
6
Let b(a) = 17*a + 4264. Let q be b(0). Suppose -q = -12*y + 4*y. What is the hundreds digit of y?
5
Let n be (36/15)/(24/128320) + 3. Suppose 0 = -22*c + 5*c + n. What is the hundreds digit of c?
7
Suppose 111 = 4*d + 135, z + d - 12436 = 0. What is the units digit of z?
2
What is the thousands digit of 10/(-3)*8962590/(-2275)?
3
Let b(w) = 477*w - 9. Let j be b(2). Suppose 7*o - 6*o - 5*z = 500, z = -2*o + j. What is the tens digit of o?
7
Suppose -2*k + 5*k - 2*w = 1342, -884 = -2*k + 4*w. Suppose -453*